
4263
In base 7, what is -4 - -5433?
5426
In base 7, what is 122 + -2?
120
In base 2, what is -110001 + -101111?
-1100000
In base 3, what is -1 - -1001?
1000
In base 11, what is -1 + 121?
120
In base 9, what is -11 - 2?
-13
In base 12, what is 232 + -14?
21a
In base 10, what is 3 + -487?
-484
In base 5, what is -120333 + 2?
-120331
In base 10, what is 104 - -80?
184
In base 10, what is 4 + -26?
-22
In base 7, what is 3544 + 1?
3545
In base 4, what is -10 + 2020?
2010
In base 14, what is -15 + -4?
-19
In base 3, what is 1202 - 10?
1122
In base 8, what is -36 + 6?
-30
In base 11, what is -16 - 860?
-876
In base 12, what is -8a8 + 2?
-8a6
In base 5, what is -3 + 241?
233
In base 2, what is -1110 + -100110?
-110100
In base 10, what is 6 + -7?
-1
In base 8, what is 3721 + 2?
3723
In base 2, what is 1001110 + 100?
1010010
In base 3, what is -1022112 - 201?
-1100020
In base 15, what is 63 + 8?
6b
In base 9, what is -4 - 571?
-575
In base 9, what is 486 + 3?
500
In base 3, what is 1 + 202?
210
In base 15, what is bc - -2?
be
In base 8, what is 665 + -25?
640
In base 5, what is 2 - -34103?
34110
In base 16, what is 6 + 59?
5f
In base 6, what is -32410 + -2?
-32412
In base 5, what is -3422 - 1?
-3423
In base 4, what is -1133 - 2?
-1201
In base 4, what is -3 + -3123?
-3132
In base 15, what is -1c - -b?
-11
In base 4, what is -2113 + 300?
-1213
In base 7, what is 4 + 2160?
2164
In base 5, what is -133 - -14?
-114
In base 2, what is 1110010 + -1011?
1100111
In base 6, what is -30121 - -2?
-30115
In base 5, what is 4220 + 0?
4220
In base 14, what is -5 - d9?
-100
In base 9, what is 12 + -31?
-18
In base 5, what is 4 + 12?
21
In base 8, what is -111 - 160?
-271
In base 10, what is 338 + -28?
310
In base 9, what is -11 - 353?
-364
In base 14, what is -38 - 2?
-3a
In base 4, what is 1230 + -311?
313
In base 13, what is -5 - 153?
-158
In base 15, what is 284d - -2?
2850
In base 5, what is -112434 - 1?
-112440
In base 2, what is -101 + -1101010?
-1101111
In base 9, what is 1 - 34?
-33
In base 6, what is -51 + 4?
-43
In base 4, what is -2201 - 21?
-2222
In base 3, what is -110100 - 0?
-110100
In base 12, what is 4 - 331?
-329
In base 11, what is -63 - 22?
-85
In base 15, what is -3 - 9d?
-a1
In base 2, what is -100 + -1000?
-1100
In base 12, what is -1 - 56?
-57
In base 4, what is 1012313 + -1?
1012312
In base 15, what is 3 + -7c?
-79
In base 15, what is 0 + 4?
4
In base 6, what is 10532 - -1?
10533
In base 16, what is 937 + 2?
939
In base 15, what is 22 + -43?
-21
In base 8, what is -1 + 50?
47
In base 4, what is 2031 - 1?
2030
In base 12, what is -1b04 + 2?
-1b02
In base 8, what is -2373 - 3?
-2376
In base 7, what is -2052 - -2?
-2050
In base 4, what is 20311 - 0?
20311
In base 11, what is -229 + -6?
-234
In base 3, what is -212 + -22022?
-100011
In base 11, what is -a3 - -8?
-96
In base 15, what is -b384 - -5?
-b37e
In base 13, what is -170 + 1?
-16c
In base 6, what is 3014 - 1?
3013
In base 3, what is 1 + -1112211?
-1112210
In base 6, what is -4 + 1010?
1002
In base 3, what is 120 + 2001021?
2001211
In base 9, what is -18 - -3?
-15
In base 7, what is 2 - 514?
-512
In base 4, what is 101022 + -2?
101020
In base 2, what is 100 - 1110010?
-1101110
In base 3, what is -21 - 121?
-212
In base 15, what is b + 150?
15b
In base 10, what is -2 - 160?
-162
In base 9, what is 2821 + 5?
2826
In base 9, what is 50 + 6?
56
In base 16, what is -5 - -16?
11
In base 14, what is -593 - -5?
-58c
In base 10, what is 43 - -30?
73
In base 15, what is -2 + a8?
a6
In base 5, what is -133 + 1?
-132
In base 10, what is 32 + 1?
33
In base 15, what is -2 + -246?
-248
In base 14, what is -299 - -4?
-295
In base 11, what is -633 + 1?
-632
In base 9, what is -3 + 213?
210
In base 14, what is 0 - -49?
49
In base 11, what is -a7 - 5?
-101
In base 2, what is 1 + 101011010111?
101011011000
In base 14, what is 8 - 51?
-47
In base 11, what is 3 - 2131?
-2129
In base 11, what is -3 + 466?
463
In base 12, what is 2 + 10?
12
In base 9, what is -2 - 8333?
-8335
In base 8, what is -3 + -2?
-5
In base 2, what is -1 - 11001010?
-11001011
In base 6, what is -4504 + -1?
-4505
In base 2, what is 11 - 10000111010101?
-10000111010010
In base 10, what is -748 + 0?
-748
In base 13, what is -494 - 1?
-495
In base 16, what is -4 + -83c?
-840
In base 16, what is -167 - 3?
-16a
In base 10, what is 1 + -478?
-477
In base 10, what is 481 + 5?
486
In base 9, what is 503 + -8?
484
In base 2, what is -1010101010 - 10?
-1010101100
In base 4, what is -1230 + 22?
-1202
In base 10, what is -3 + -443?
-446
In base 15, what is 27 - -11?
38
In base 15, what is -5 + 27?
22
In base 5, what is 4 - 1231?
-1222
In base 9, what is 37 + -4?
33
In base 9, what is -34 + -4?
-38
In base 9, what is -3 + -77?
-81
In base 13, what is 1c + 777?
796
In base 7, what is -100 + 4?
-63
In base 8, what is -5 + 3404?
3377
In base 2, what is 11 + -101000100000?
-101000011101
In base 10, what is -6 + 27?
21
In base 11, what is -3 + -3125?
-3128
In base 6, what is 211 + 1?
212
In base 4, what is 3101023 + -2?
3101021
In base 4, what is 3 - 30221?
-30212
In base 6, what is 13212 + -3?
13205
In base 7, what is 5 + -12231?
-12223
In base 13, what is -4b + 4?
-47
In base 9, what is -27 + 0?
-27
In base 12, what is -10 + 30?
20
In base 14, what is -3 - 78?
-7b
In base 10, what is -31 + -84?
-115
In base 4, what is -10220 + 2?
-10212
In base 15, what is 4 - 76?
-72
In base 11, what is 18 - 12?
6
In base 13, what is 1b4 - 3?
1b1
In base 15, what is -4 - -77?
73
In base 8, what is 1 - 1637?
-1636
In base 4, what is -2 - -2031?
2023
In base 7, what is -14013 - 2?
-14015
In base 15, what is 87 + 4d?
d5
In base 7, what is 11 + -445?
-434
In base 8, what is 126 + -4?
122
In base 10, what is -27 + -16?
-43
In base 4, what is 213 + 10121?
11000
In base 4, what is -3 - 203?
-212
In base 5, what is -1134 - -2?
-1132
In base 2, what is -10 + -1?
-11
In base 12, what is 2 + -2125?
-2123
In base 6, what is -3514 - -11?
-3503
In base 5, what is 4 - -2204?
2213
In base 9, what is 1274 - 0?
1274
In base 11, what is -10 - 10?
-20
In base 6, what is -52 + -212?
-304
In base 9, what is 157 + -42?
115
In base 12, what is 238 + 5?
241
In base 7, what is -1041 + -5?
-1046
In base 14, what is -3 - 2?
-5
In base 2, what is 10001100111 - 111?
10001100000
In base 10, what is 983 - -7?
990
In base 12, what is -6b3 + 1?
-6b2
In base 5, what is 1 - 21422?
-21421
In base 2, what is 11111001 - -11?
11111100
In base 7, what is -240 + -204?
-444
In base 10, what is 107 + -2?
105
In base 4, what is -11 - 1303000?
-1303011
In base 13, what is -44 - -28?
-19
In base 9, what is 550 - 3?
546
In base 10, what is 103 + 1?
104
In base 9, what is 7 + 13?
21
In base 7, what is 5 - -153?
161
In base 7, what is 5 - 106?
-101
In base 4, what is 1 + 1133?
1200
In base 16, what is 57 + 3?
5a
In base 3, what is 10 - 1002?
-222
In base 3, what is 101210 - 11?
101122
In base 11, what is -5 - -67?
62
In base 13, what is 2 + 9c?
a1
In base 6, what is 5112 - 20?
5052
In base 10, what is 19 + -5?
14
In base 16, what is -19c - -12?
-18a
In base 5, what is -10 + -24?
-34
In base 12, what is 54 + -1?
53
In base 3, what is 0 + 2101?
2101
In base 5, what is -131 + -40?
-221
In base 4, what is -20212 + 212?
-20000
In base 8, what is 3752 + 2?
3754
In base 10, what is 40 + -554?
-514
In base 10, what is 5 + 65?
70
In base 5, what is 2210 + 10?
2220
In base 16, what is 14 + 397?
3ab
In base 9, what is 5 + -62?
-56
In base 11, what is 0 + 300?
300
In base 10, what is -4 + 1239?
1235
In base 7, what is 3 - 42?
-36
In base 6, what is -21 - -1015?
554
In base 10, what is -48 - -296?
248
In base 14, what is -c + 88?
7a
In base 9, what is 74 - -7?
82
In base 4, what is -132311 - 11?
-132322
In base 12, what is -24 + -74?
-98
In base 7, what is -1 - -56?
55
In base 4, what is 1 + -100223?
-100222
In base 8, what is 4 + -105?
-101
In base 5, what is 4313 - 24?
4234
In base 10, what is 25 + 35?
60
In base 3, what is -1 - 112?
-120
In base 9, what is 5735 + 3?
5738
In base 10, what is -195 + 0?
-195
In base 4, what is -11 + 23130?
23113
In base 6, what is -330 + 4?
-322
In base 16, what is -7 + 52?
4b
In base 13, what is 1 + b0?
b1
In base 5, what is 20 + -2010?
-1440
In base 6, what is -3 + 241?
234
In base 2, what is -1